55. Suppose -n*y + 9*y = 10, -y + 490 = 5*h. What is the remainder when h is divided by 33?
31
Let t be 3/5 + 4/(40/1554). Suppose -14*k = -10*k - t. Let z = -348 + 501. What is the remainder when z is divided by k?
36
Let q(l) = -l**3 - 31*l**2 + l + 88. Let u be ((-48)/8)/6*(2 + 29). Let b(w) = -w**2 - w + 30. What is the remainder when q(u) is divided by b(0)?
27
Let a(i) be the first derivative of i**3/3 - 5*i**2 - 11*i + 1. What is the remainder when a(13) is divided by (-38)/(-76) + 42/4 + -3?
4
Let j(m) = m**3 + 9*m**2 - 8*m + 25. Let t be j(-10). Suppose 4*f + 3*c - 21 = 24, 2*f - t*c = 29. Calculate the remainder when 81 is divided by f.
9
Suppose 5*a = -4*x + 8, 773*x - 777*x + a = -32. Calculate the remainder when 27 is divided by x.
6
Let n = 1663 - 1659. Let z(y) = -y + 1. Let l be z(0). Calculate the remainder when 9/l + -2 + 2 is divided by n.
1
Let b = -45639 - -47669. What is the remainder when b is divided by 185?
180
Suppose 32*b + 56 = 28*b. Let t be 1*(-6)/(-21) + 4/b. Calculate the remainder when 95 is divided by 6 - 2 - (-20 - t).
23
Suppose 0*k - 10*k = -50. Suppose 3*x = -n + 7 - 0, k*n + 1 = -3*x. Let a(i) = i**2 + 3*i - 11. Calculate the remainder when 19 is divided by a(x).
5
Let w = 9437 - 8896. Calculate the remainder when w is divided by 157.
70
Let n(f) be the second derivative of f**4/12 + 19*f**3/3 + 143*f**2 - 13*f + 1. Calculate the remainder when 179 is divided by n(-8).
41
Let p(n) = 6*n**2 + 21*n + 234. What is the remainder when p(-8) is divided by 65?
60
Let n = -375 + 408. Calculate the remainder when n/(-22)*(-3)/(9/226) is divided by 5.
3
Let p(x) = 19*x + 313. What is the remainder when 253 is divided by p(-9)?
111
Suppose -5*v - 62 = 4*t - 443, -2*t + 204 = -2*v. Let n be 5/((-15)/(-6))*-1. Let x(j) = -7*j + 6. Calculate the remainder when t is divided by x(n).
19
Suppose -3*w + 14 - 31 = c, -2*c = -5*w - 43. Let z(m) = 9*m**2 - 12*m - 16. What is the remainder when z(w) is divided by 30?
29
Let i be 70/((-30)/9 + 4). Let j = -46 + i. Calculate the remainder when j is divided by 16.
11
Let b be (-64 - -1)*18/(-54). Suppose 0 = 2*c + b*p - 26*p - 1496, -2267 = -3*c - 4*p. Calculate the remainder when c is divided by 28.
25
Let n = 11 + -5. Let h = -135 + 153. What is the remainder when h*(-5)/(-15) + 28 is divided by n?
4
Let y = -238 + 371. Suppose 137 = v + 4*o, 3*v - 2*v = -3*o + y. Let j = -299 - -341. Calculate the remainder when v is divided by j.
37
Suppose 7*x - 2*x = -5*a - 145, -x = -a + 25. Calculate the remainder when 143 is divided by x*((-44)/165)/(4/10).
17
What is the remainder when 565 is divided by (-20)/(2 + 0)*(870/(-50) - -6)?
109
Let h(l) = -2*l**2 + 72*l + 91. Suppose 0 = 23*m - 338 - 513. What is the remainder when 83 is divided by h(m)?
15
Let s(i) = i**3 - 4*i**2 + 3*i - 2. Let t be (-2)/((-10)/335*1). Suppose -5*a + t = m, 2*a - m = 2*m + 20. What is the remainder when s(5) is divided by a?
12
What is the remainder when 334 is divided by 13/((-10)/4 - ((-9)/6 + -2))?
9
Let i = 601 - 615. Calculate the remainder when 41 is divided by 49/14*(-20)/i.
1
Suppose -258 - 22 = -8*r. Suppose 30 = -5*s, -242 = -4*z + 4*s + s. Calculate the remainder when z is divided by r.
18
Let c = 1216 + -1089. What is the remainder when 1268 is divided by c?
125
Let y(o) = o**2 - 7*o + 9. Let d be y(5). Let j be (-25 + d - 1)/(6/(-6)). Calculate the remainder when 43 is divided by j/2 - (-1)/2*3.
13
Let u(d) = -d**2 - 39*d - 47. Let r be u(-26). Suppose 3*c + 5*p - r - 277 = 0, 3*p - 192 = -c. What is the remainder when c is divided by 61?
3
Suppose 5*x - 13 = 7. Let b = 245 + -242. Suppose -5*o - 6*r = -5*r - 32, b*o - r = 16. What is the remainder when o is divided by x?
2
Suppose 4*f = 49*f - 1395. Calculate the remainder when 261 is divided by f.
13
Let c = -2296 + 3138. What is the remainder when c is divided by 23?
14
Calculate the remainder when 15006/(-6)*((7 - 14) + 6) is divided by 33.
26
Let f(b) = b**2 + 22. Let u(d) = 5*d**3 - d**2 - 104*d + 353. Calculate the remainder when u(4) is divided by f(0).
21
What is the remainder when 365 is divided by (-31)/(-124)*-6*-106*(1 + 0)?
47
Let i be -4*24/(-40)*(-15)/(-3). What is the remainder when (-46)/((-8)/i*1) is divided by 6?
3
Let t(v) = v**2 - 2*v + 1. Let r be t(1). Suppose r = -k - k - o + 71, k = -3*o + 38. Let w = k - 28. What is the remainder when 10 is divided by w?
3
Suppose 0 = 47*a - 37*a - 200. Calculate the remainder when 21/6*120/a is divided by 16.
5
What is the remainder when 67076*(-9)/(-1116) + -5 - (-6)/93 is divided by 215?
106
Let k = -27223 - -27230. Suppose 0 = -2*p - 6, w + 3*p + 42 = 4*w. Suppose 0 = 2*n + 8, -n + 24 + w = 3*y. What is the remainder when y is divided by k?
6
Let n = 12 - -72. Suppose 68 + 7 = 4*r - 5*q, n = 4*r + 4*q. Calculate the remainder when 53 is divided by r.
13
Let r(p) = p - 1. Let d = 0 + 13. Let f be r(d). Suppose 0 = -23*m + 24*m - f. Calculate the remainder when 47 is divided by m.
11
Suppose -5*h + 421 = -74. Let j(g) = 2*g**3 - 16*g**2 - 13*g + 22. What is the remainder when j(10) is divided by h?
94
Let t = -13 - -18. Suppose r = 3*n - 8, -3*r - t*n + 32 = -0*r. What is the remainder when 1/(5*(-2)/(-150)) is divided by r?
3
Suppose y + 30 - 724 = 0. What is the remainder when 2084 is divided by y?
2
Suppose 4*k = 4*c + 13428, 3*k - c - 8857 - 1220 = 0. Suppose 85*a = 45*a + k. What is the remainder when a is divided by 36?
12
Let z = 3106 - 1090. What is the remainder when z is divided by 247?
40
Suppose 39 = -6*c + 27. Let p(z) = -10*z**3 - z**2 - 21*z - 40. Calculate the remainder when p(c) is divided by 17.
10
Suppose -2*y + 600 = 5*z, -2*y - 31 + 639 = z. What is the remainder when y is divided by 52?
45
Let h(d) be the second derivative of 49/2*d**2 + 0 + 1/3*d**3 + 32*d. What is the remainder when 60 is divided by h(-20)?
6
Calculate the remainder when (8 + -33)/((-6)/42) is divided by 164.
11
What is the remainder when (-187)/(-51)*(1 + -355)/(-2) is divided by 130?
129
Suppose -2*g - 21 + 53 = -5*m, -2*g = -3*m - 32. What is the remainder when g is divided by ((-4)/6)/((-1)/9)?
4
Calculate the remainder when 992 is divided by -1 - 1 - -3 - (332 + -539).
160
Suppose -31858 + 31165 = -9*u. Let j(y) = -67*y**3 - y. Calculate the remainder when j(-2) is divided by u.
76
Suppose 2*r - 2*x - 33 = 21, 0 = 2*r - 5*x - 45. Calculate the remainder when (7 - 908/12)/(3/(-9)) is divided by r.
26
Let x(g) = g**2 - 7*g - 2. Let q be x(8). Suppose 11*y - 535 = q*y. Let m(z) = z + 34. Calculate the remainder when y is divided by m(-16).
17
Let k = 321 + -276. Suppose -k*y + 1433 = -1267. What is the remainder when y is divided by 48?
12
Suppose -2*d + 34*m = 33*m - 31, 4*m = 2*d - 52. Suppose f = 3*f - 118. What is the remainder when f is divided by d?
11
Let g = 13205 - 13172. Calculate the remainder when 1*(1 - 1 - -69) is divided by g.
3
Let a be 12 - 155/15 - (-622)/3. Let n = a + -198. What is the remainder when 47 is divided by n?
3
Suppose -3*j + 4*f = -16, 5*f + 5 = -15. Calculate the remainder when (-257)/(-4) + -1 + 6/8 is divided by j*4/(10 - 2) - -22.
20
Suppose 13*h - 3176 = -16*h - 450. What is the remainder when 3007 is divided by h?
93
Calculate the remainder when 194 is divided by (-68)/(2/(-2)*42/63).
92
Let b(j) = 7*j + 162. What is the remainder when b(6) is divided by 34?
0
Suppose 4*g - 24 = 4*m, -3*m + 4*g - 29 = -6. Let r be (0 + -3 - m) + 149 + -21. Suppose 0 = -r*x + 124*x + 22. Calculate the remainder when x is divided by 4.
3
Let s = 372 - 292. Suppose 12*q - s = -20. Calculate the remainder when 12 is divided by q.
2
Suppose 22*l + 19*l = 10*l + 1457. Let b = 0 - -4. Let k = -1 + b. Calculate the remainder when l is divided by k.
2
Let p(v) = 9*v**2 - 30*v - 142. Let x = -24 - -33. Calculate the remainder when p(-5) is divided by x.
8
Suppose 3*q = -5*p + 50, 1 + 12 = q - 2*p. Suppose -q = -4*i + 33. Calculate the remainder when 40 is divided by i.
4
Let f = 24009 + -8260. What is the remainder when f is divided by 63?
62
Suppose 11*x + 7*x - 483 = -3*x. What is the remainder when 5516 is divided by x?
19
Let q(u) = 2*u**2 - 13*u - u**2 + 72 - 38. Calculate the remainder when (-1)/((-351)/(-177) - 2) is divided by q(11).
11
Let r be (-122)/(-427) + 2978/